836 is divided by 17.
3
Calculate the remainder when 1237 is divided by 48.
37
Calculate the remainder when 394 is divided by 122.
28
Calculate the remainder when 38 is divided by 27.
11
Calculate the remainder when 268 is divided by 68.
64
Calculate the remainder when 137 is divided by 7.
4
Calculate the remainder when 335 is divided by 111.
2
What is the remainder when 308 is divided by 73?
16
What is the remainder when 42 is divided by 23?
19
What is the remainder when 252 is divided by 47?
17
Calculate the remainder when 2754 is divided by 4.
2
What is the remainder when 736 is divided by 61?
4
Calculate the remainder when 1518 is divided by 116.
10
Calculate the remainder when 6887 is divided by 28.
27
Calculate the remainder when 53 is divided by 31.
22
Calculate the remainder when 5961 is divided by 9.
3
What is the remainder when 522 is divided by 21?
18
What is the remainder when 87 is divided by 31?
25
Calculate the remainder when 322 is divided by 54.
52
Calculate the remainder when 737 is divided by 57.
53
What is the remainder when 64 is divided by 7?
1
Calculate the remainder when 2904 is divided by 6.
0
What is the remainder when 8 is divided by 4?
0
Calculate the remainder when 42 is divided by 5.
2
What is the remainder when 248 is divided by 53?
36
What is the remainder when 466 is divided by 41?
15
What is the remainder when 5921 is divided by 75?
71
Calculate the remainder when 186 is divided by 77.
32
Calculate the remainder when 1230 is divided by 14.
12
What is the remainder when 110 is divided by 24?
14
What is the remainder when 1015 is divided by 1001?
14
What is the remainder when 390 is divided by 23?
22
What is the remainder when 29 is divided by 20?
9
What is the remainder when 2181 is divided by 42?
39
Calculate the remainder when 22005 is divided by 24.
21
Calculate the remainder when 85 is divided by 19.
9
Calculate the remainder when 3554 is divided by 297.
287
Calculate the remainder when 735 is divided by 12.
3
What is the remainder when 4533 is divided by 84?
81
What is the remainder when 96 is divided by 58?
38
Calculate the remainder when 37 is divided by 14.
9
What is the remainder when 43 is divided by 14?
1
What is the remainder when 205 is divided by 35?
30
What is the remainder when 75 is divided by 6?
3
What is the remainder when 296 is divided by 35?
16
Calculate the remainder when 651 is divided by 325.
1
Calculate the remainder when 1113 is divided by 93.
90
Calculate the remainder when 1671 is divided by 282.
261
Calculate the remainder when 2468 is divided by 124.
112
Calculate the remainder when 1488 is divided by 35.
18
What is the remainder when 1676 is divided by 20?
16
Calculate the remainder when 328 is divided by 30.
28
Calculate the remainder when 80 is divided by 77.
3
Calculate the remainder when 631 is divided by 23.
10
What is the remainder when 426 is divided by 397?
29
What is the remainder when 2002 is divided by 246?
34
Calculate the remainder when 1893 is divided by 628.
9
What is the remainder when 204 is divided by 65?
9
Calculate the remainder when 128 is divided by 5.
3
Calculate the remainder when 1632 is divided by 38.
36
What is the remainder when 482 is divided by 44?
42
What is the remainder when 41 is divided by 26?
15
What is the remainder when 52 is divided by 12?
4
What is the remainder when 4540 is divided by 2268?
4
What is the remainder when 417 is divided by 43?
30
Calculate the remainder when 1298 is divided by 25.
23
What is the remainder when 515 is divided by 193?
129
What is the remainder when 28 is divided by 15?
13
What is the remainder when 47 is divided by 43?
4
Calculate the remainder when 1446 is divided by 290.
286
Calculate the remainder when 2 is divided by 2.
0
Calculate the remainder when 11 is divided by 11.
0
Calculate the remainder when 13047 is divided by 75.
72
What is the remainder when 238 is divided by 82?
74
Calculate the remainder when 460 is divided by 7.
5
What is the remainder when 520 is divided by 72?
16
What is the remainder when 511 is divided by 5?
1
What is the remainder when 20624 is divided by 6?
2
Calculate the remainder when 2385 is divided by 22.
9
What is the remainder when 21 is divided by 5?
1
Calculate the remainder when 168 is divided by 66.
36
Calculate the remainder when 43 is divided by 35.
8
What is the remainder when 208 is divided by 72?
64
Calculate the remainder when 145 is divided by 87.
58
What is the remainder when 577 is divided by 30?
7
What is the remainder when 448 is divided by 41?
38
What is the remainder when 61 is divided by 10?
1
Calculate the remainder when 178 is divided by 18.
16
What is the remainder when 88 is divided by 45?
43
Calculate the remainder when 3709 is divided by 5.
4
What is the remainder when 562 is divided by 79?
9
Calculate the remainder when 1157 is divided by 193.
192
Calculate the remainder when 274 is divided by 46.
44
Calculate the remainder when 481 is divided by 238.
5
What is the remainder when 249 is divided by 14?
11
Calculate the remainder when 438 is divided by 90.
78
Calculate the remainder when 210 is divided by 64.
18
What is the remainder when 321 is divided by 36?
33
Calculate the remainder when 138 is divided by 135.
3
Calculate the remainder when 262 is divided by 116.
30
Calculate the remainder when 583 is divided by 194.
1
Calculate the remainder when 239 is divided by 39.
5
What is the remainder when 101 is divided by 33?
2
What is the remainder when 36 is divided by 3?
0
Calculate the remainder when 366 is divided by 127.
112
What is the remainder when 177 is divided by 35?
2
What is the remainder when 940 is divided by 65?
30
Calculate the remainder when 74 is divided by 16.
10
Calculate the remainder when 271 is divided by 60.
31
What is the remainder when 2 is divided by 1?
0
Calculate the remainder when 31 is divided by 20.
11
What is the remainder when 437 is divided by 22?
19
What is the remainder when 202 is divided by 29?
28
Calculate the remainder when 67 is divided by 9.
4
Calculate the remainder when 1100 is divided by 22.
0
What is the remainder when 265 is divided by 76?
37
What is the remainder when 227 is divided by 47?
39
Calculate the remainder when 120 is divided by 23.
5
Calculate the remainder when 2104 is divided by 162.
160
What is the remainder when 259 is divided by 119?
21
Calculate the remainder when 413 is divided by 69.
68
Calculate the remainder when 187 is divided by 61.
4
Calculate the remainder when 278 is divided by 19.
12
Calculate the remainder when 2471 is divided by 247.
1
What is the remainder when 1341 is divided by 48?
45
Calculate the remainder when 214 is divided by 52.
6
What is the remainder when 285 is divided by 41?
39
Calculate the remainder when 340 is divided by 86.
82
Calculate the remainder when 105 is divided by 78.
27
Calculate the remainder when 727 is divided by 56.
55
What is the remainder when 16 is divided by 12?
4
What is the remainder when 172 is divided by 35?
32
What is the remainder when 356 is divided by 206?
150
Calculate the remainder when 27 is divided by 7.
6
What is the remainder when 269 is divided by 16?
13
What is the remainder when 235 is divided by 38?
7
What is the remainder when 19 is divided by 11?
8
Calculate the remainder when 519 is divided by 65.
64
Calculate the remainder when 346 is divided by 168.
10
Calculate the remainder when 1956 is divided by 388.
16
Calculate the remainder when 526 is divided by 33.
31
What is the remainder when 66 is divided by 24?
18
Calculate the remainder when 235 is divided by 14.
11
Calculate the remainder when 167 is divided by 21.
20
Calculate the remainder when 111 is divided by 44.
23
What is the remainder when 1548 is divided by 26?
14
What is the remainder when 131 is divided by 50?
31
Calculate the remainder when 1456 is divided by 428.
172
What is the remainder when 77 is divided by 3?
2
Calculate the remainder when 134 is divided by 68.
66
Calculate the remainder when 2438 is divided by 22.
18
Calculate the remainder when 190 is divided by 33.
25
Calculate the remainder when 44 is divided by 24.
20
What is the remainder when 1309 is divided by 69?
67
What is the remainder when 98 is divided by 25?
23
Calculate the remainder when 